0/(-225). Let h(x) = 2*x - 1 + x**w - 6*x - 6*x + 4*x. Give h(4).
-9
Let p(a) = a**3 - 2*a**2 - 2*a. Let n be p(3). Let x(q) = q**3 - 6*q**2 - n + 37*q - 12*q - 12*q - 17*q. What is x(7)?
18
Let d(x) = x**2 + 452*x + 3 - 911*x + 461*x. Suppose 0 = 4*f + k + 5, -f - 4*f - 16 = -2*k. Give d(f).
3
Let h(w) = w + 6. Let a be h(-7). Let l(z) = -15 + 4 + 5 + z**2 + z + 7. Give l(a).
1
Let q(g) = -g**2 + 9*g - 10. Let j be q(8). Let m(d) = d**2 + d + 1. Let i be m(j). Let t be (-7)/4 + i/(-12). Let s(f) = 2*f**3 + f**2 - 3*f - 1. What is s(t)?
-7
Let c = 14 + -6. Let h(n) be the second derivative of -3/4*n**4 - 10 - 5*n**2 + 2*n + 1/20*n**5 + 5/3*n**3. Determine h(c).
6
Let h(j) be the third derivative of -1/30*j**5 + 5/24*j**4 - 37*j**2 + 0*j - 1/3*j**3 + 0. Determine h(3).
-5
Let f be 2 + 0 - (-1 + (-2)/(-2)). Suppose -15*n = -14*n - f. Let i(x) = x**2 - 2. Give i(n).
2
Let n(q) be the third derivative of q**6/120 - q**5/30 + q**3/6 + 33*q**2 - 3*q. Give n(1).
0
Let c = -5 - -9. Let v(g) = 6 + g + 2*g**2 - c*g + 6*g - 3*g**2. Let w = 4 + 1. Determine v(w).
-4
Let h(r) = -r**3 - 5*r**2 + 4*r - 3. Let f(k) = k**3 + 4*k**2 - 3*k + 2. Let i(x) = -5*f(x) - 4*h(x). What is i(-2)?
12
Let y(h) = h**2 + 8. Suppose 2*d = 7*d - 20. Suppose d*l - 44 = -0*l. Let p = l - 11. Determine y(p).
8
Let v(p) = p + 2. Let f = 20 - 11. Suppose -5*q + f*q = -8. What is v(q)?
0
Let d(h) = -h - 20. Let b(g) = 9*g + 97. Let p(k) = -2*b(k) - 11*d(k). Give p(4).
-2
Let z(t) = -t**3 + 8*t**2 - 7*t. Let j(x) = x**2 + 5*x - 14. Let k be j(-7). Suppose k + 10 = 2*q, 0 = -2*v + q + 9. Give z(v).
0
Let g(s) be the second derivative of -2/3*s**3 + 0 - s**2 - 4*s + 1/12*s**4. Let r(z) = 4*z**3 - z**2 + z. Let p be r(1). What is g(p)?
-2
Let v(h) be the third derivative of -h**4/24 + 25*h**3/6 + 143*h**2. Determine v(0).
25
Let q(o) = 45*o. Let a(p) = -p**2 + 37*p - 69. Let z be a(35). Give q(z).
45
Let m(z) = -z**2 - 1. Let a(c) = -11*c + 1 - 11 + 12*c. Let k be a(8). Determine m(k).
-5
Let w(b) = -9*b**2 + b. Suppose 7*f - 2 = 19. Let s be f - (-10)/(-4 - 1). What is w(s)?
-8
Let m(c) = 19*c**3 + c**2 - 1. Let p = -58 + 28. Let y = 29 + p. Calculate m(y).
-19
Let t(h) = 10*h + 7*h - 11 - 13*h - 4. Calculate t(6).
9
Let a(t) = -t**2 + 32*t - 154. Let y be a(6). Let x(m) = m**3 + m**2 + m - 5. Let z(s) = -2*s**3 - 2*s + 6. Let l(g) = 4*x(g) + 3*z(g). Give l(y).
-6
Let k(p) = 0*p**2 - 34*p**3 + 33*p**3 - 5 - 7*p**2. What is k(-7)?
-5
Let h(i) = i**2. Let z(o) = -3*o**2 - 9*o + 9. Let m(c) = -4*h(c) - z(c). Let d be (-40)/5*2/(-2). What is m(d)?
-1
Let p = 164 - 160. Let h(j) be the third derivative of -2*j**2 + 0 - 1/24*j**p + 0*j - 1/3*j**3. Calculate h(-4).
2
Suppose 8*t + 21 = 15*t. Suppose -16 - 4 = -l. Suppose d + l = -t*d. Let k(q) = q**2 + 7*q + 7. Determine k(d).
-3
Let l(r) be the third derivative of r**4/24 + r**3/3 - 8*r**2. Let p be l(-1). Let y(z) = -p + 0*z - 6 - 3*z + 0*z. Determine y(-5).
8
Let r = 26 - 52. Let l = 34 + r. Suppose x - 2 + l = 0. Let p(h) = -h - 2. Calculate p(x).
4
Let r be 4 + ((-9)/(-3) - 5). Suppose 0 = -3*h - r*h + 10. Let k be (-6)/(0 + 3 - h). Let i(a) = 2*a + 4. What is i(k)?
-8
Let r be 88/20 - (-2)/(-5). Let a = r - 2. Let o(f) = -6 + f**3 - 6*f + 4 - 2*f**3 - a - 6*f**2. Give o(-5).
1
Let k(m) = -m**2 + 3*m + 3. Suppose t + 6 = 3*t. Let c be k(t). Let u(i) = -i + 1. Let v(g) = g**2 - g + 1. Let n(x) = c*v(x) - 2*u(x). What is n(2)?
11
Let r = 4 + -30. Let g = r - -30. Let p(c) = -c**3 + 5*c**2 - 4*c + 2. Determine p(g).
2
Let s(c) = -10*c - 3. Let r(k) = -270*k - 80. Let q(z) = 3*r(z) - 80*s(z). Suppose -16*y - 16 = -32*y. What is q(y)?
-10
Let s be 5 - 2 - (2 - 4). Let n(f) = 690*f**2 - 346*f**2 - f**3 - 6*f - 338*f**2. Determine n(s).
-5
Suppose 5*t = -k + 22, 3*k - 5*t - 9 = -23. Let c(u) = -3*u**2 - 5 - 3*u**2 - 3*u**k - u**3 + 4*u**2. Calculate c(-4).
-21
Let q(b) = 9*b**2 - 1. Let v be q(1). Let h(p) = -p + v - 8 + 7 - p. Determine h(6).
-5
Let o(j) = 30*j + 4. Let g(a) = -20*a - 2. Let n(t) = -8*g(t) - 5*o(t). What is n(-2)?
-24
Let n = 91 - 44. Let d = 40 - n. Let w(r) = -r + 1. Determine w(d).
8
Let c(d) = 47*d + 37. Let q be c(-1). Let w(i) = i**3 + 10*i**2 + i + 11. Calculate w(q).
1
Suppose -2*p - 6*b + 10*b - 26 = 0, -5*p = 5*b - 10. Let x(f) = 2*f**2 - 3*f. Let s be x(2). Let c(j) = -j + s - 3 - 1. Calculate c(p).
1
Let u = 60 + -69. Let k(z) = -z**3 - 8*z**2 + 8*z - 8. Give k(u).
1
Suppose 4*z = 3*y - 4, -6*y - 2*z + 8 = -10*y. Let m(f) = f**3 + 5*f**2 + 5*f + 4. Give m(y).
0
Let f(j) = j**3 - j**2 - 3*j - 5. Let o = -512 - -516. Calculate f(o).
31
Suppose 0*r - 8 = 8*r. Let w be (-6)/9*(-3)/(-2). Let q(o) = -8*o**3 - o**2 - 6*o - 6. Let z(i) = i + 1. Let s(k) = w*q(k) - 6*z(k). Determine s(r).
-7
Let f(l) = 5*l**3 + 2*l**2 - l - 4. Let j(q) = -7*q**3 - 4*q**2 + q + 5. Let p(r) = 4*f(r) + 3*j(r). What is p(-4)?
3
Let s be ((0/1)/(-2))/2. Suppose -17 + 11 = -3*t. Let o(q) = -16 + q + q**2 + 15 - q**t + q**2. What is o(s)?
-1
Let k(s) = s**3 + 7*s**2 + 7*s + 9. Suppose 8*q + 16 = -u + 3*q, 0 = 2*u + 2*q + 16. What is k(u)?
3
Let i(k) be the second derivative of -k**4/12 + 5*k**3/6 - 3*k**2/2 - 235*k. Let z(q) = -2*q**3 + 3*q**3 + 0*q**3 - q + 5*q**2. Let w be z(-5). What is i(w)?
-3
Let k(l) = -l**2 + 8*l - 7. Let v = 27 - 34. Let x be -1*((v - 0) + -3). Suppose 28 = 3*h + x. What is k(h)?
5
Suppose u + 5*s = s + 21, 4*s = -2*u + 38. Let x(f) = u + f + f**2 - 28 + 13. What is x(0)?
2
Suppose -4*m = 2*r + 6 + 2, -2*r - m = 2. Let u be 0*(r + 0 - 1). Let h(n) = n - 2. Calculate h(u).
-2
Let i(f) = -3*f + 1. Let r(z) = -z**2 + 16*z + 19. Let s = -11 + 28. Let k be r(s). Give i(k).
-5
Let p(x) = x**2 - 6*x - 3. Let f be 3/(5/2 - 1). Let m(t) = t**2 + t + 1. Let q(y) = f*m(y) - p(y). Let j = 1365 + -1371. Calculate q(j).
-7
Let d(t) = -2*t - 45. Let h(f) = -f**3 + 11*f**2 + 27*f - 30. Let s be h(13). What is d(s)?
-11
Suppose -25 = -8*m - 9. Let w(g) = g - 1. Let b = 5 - 0. Let k(n) = -10*n + 8. Let f(y) = b*w(y) + k(y). Determine f(m).
-7
Let k(i) = -i**3 - 2*i**2 - i - 3. Let z = 62 - 65. What is k(z)?
9
Let i be 2*(1 + 7/(-2)). Let a(v) = -16*v - 3. Let w(b) = 55*b + 9. Let g(d) = 7*a(d) + 2*w(d). Determine g(i).
7
Let f(s) = s**2 + 2*s. Let w(c) = c. Let z(g) = -g - 9. Let p be z(-11). Let o(b) = p*w(b) - f(b). Determine o(2).
-4
Let x(i) be the second derivative of i**6/24 - i**5/30 + i**3/6 - 7*i**2/2 + 22*i. Let k(n) be the first derivative of x(n). Give k(-1).
-6
Let i(o) = -o**3 + 2*o**2 - 8*o + 3. Let q = -2 - 3. Let w(z) = z**3 - z**2 + 8*z - 2. Let a(p) = q*w(p) - 6*i(p). What is a(6)?
4
Let g = 2 + -1. Let c(w) be the second derivative of 0*w**3 + 1/2*w**2 - 18*w + 0 + 3/5*w**5 - 1/12*w**4. Give c(g).
12
Let i(c) = 6*c**2 + 13*c + 11. Let g(n) = -3*n**2 - 6*n - 5. Let r be 5/(-15) - (-146)/6. Let t be r/5 - (-3)/15. Let v(w) = t*g(w) + 2*i(w). What is v(-2)?
-7
Suppose 0 = -4*v - 9 + 29. Let b(m) = 4*m + 9*m - 4 - 11*m. What is b(v)?
6
Let g(t) be the second derivative of -t**6/120 - t**4/24 - 11*t**3/6 - 21*t**2/2 - 23*t. Let a(u) be the first derivative of g(u). Give a(0).
-11
Suppose 1 = 4*n - 7. Suppose -3*f - n*f = -3*m + 21, 3*m - 3*f = 15. Suppose 2*r + 2 = -m*i, -5*i + 16 = -5*r - 9. Let q(w) = 2*w + 1. What is q(r)?
-5
Let p(a) = -2*a**3 - a**2 - 15*a - 22. Let q(r) = r**3 + r**2 + 7*r + 10. Let s(v) = -2*p(v) - 5*q(v). Give s(-4).
30
Let z(b) be the third derivative of b**5/60 - 3*b**4/8 + 2*b**3/3 - 2*b**2 - 6. What is z(8)?
-4
Let y(k) be the second derivative of k**4/4 + k**2/2 + 2*k - 15. Let d be 1 - (2 - 4)/2. What is y(d)?
13
Let c(x) = 10 + 3*x - 7 + 2*x. Let g = -22 + 26. Suppose g*m - 5 = -13. Give c(m).
-7
Let q(d) = -d**2 + 2*d. Let g be (3 - (-3)/(-1))/(3 - 0). Give q(g).
0
Let r(c) = -c**2 - 2*c + 9. Let b be r(-4). Let k(l) = -l**3 - 4*l**2 + 0*l**2 + 2*l**2 + b + 2*l. Determine k(-2).
-3
Let s be 20/8 + 0 - (-1)/(-2). Suppose 2*h - 2*j = 8, -3*h = 2*j + 14 - 6. Let q(m) = h*m**2 + 4*m - 1 - 2*m + 2*m**3 - 3*m**2 - 1. Calculate q(s).
6
Let y = -65 - -58. Let u(s) = s**3 + 6*s**2 - 7*s + 9. Determine u(y).
9
Suppose l + 30 = -4*l. Let s = 8 + l. Let p(u) = 3 + 1 - 4*u**2 + 5*u - u**3 + s - 3. Determine p(-5).
3
Let t(h) = -h**2 - 2*h + 1. Suppose 0 = 8*v - 8 + 24. Determine t(v).
1
Let p(i) = 2*